73
Suppose 3*z - 9*z - 9*z = 0. Suppose -3*a = -4*n - 135, 3*a - 31 = 2*n + 44. Let q = z - n. What are the prime factors of q?
2, 3, 5
Suppose -5*v - 15 = 0, -4*b + 20138 = -5*v - 10641. What are the prime factors of b?
7691
Suppose -2281*x - 2 = -2282*x. Suppose -1 = -x*t + 47. List the prime factors of t.
2, 3
List the prime factors of 5712/(-85)*(-1310)/8.
2, 3, 7, 131
Let h(d) = -d**3 - 3*d**2 + 5*d + 3. Let p = 121 + -125. Let w be h(p). List the prime factors of (-388)/8*w*6.
3, 97
Let v be 8 - 1 - (6 - 6 - -2). Suppose 0*o + 3*o + v*l + 219 = 0, 4*l + 73 = -o. Let q = o - -246. List the prime factors of q.
173
Let t(l) = 768*l**3 + 8*l**2 - 20*l + 6. List the prime factors of t(2).
2, 37, 83
Let b(x) = x**2 + 9*x + 5. Let g(n) = -n - 3. Let h be g(6). Let d be b(h). Let p(k) = 3*k**3 - 4*k**2 + 8. What are the prime factors of p(d)?
283
Let i = 96 - 83. Let l(q) = q - 15. Let m be l(i). List the prime factors of (1 + m)/((-3)/57).
19
Let x(a) = 19*a**2 + 13*a + 30. Let m(i) = i**2 - 1. Let f(d) = -3*m(d) + x(d). What are the prime factors of f(-5)?
2, 23
Suppose -4085 - 3079 = -21*a + 3*a. What are the prime factors of a?
2, 199
Suppose -123972 = -2*u - 4*k, -4*u + 247900 = -2847*k + 2844*k. List the prime factors of u.
2, 7, 19, 233
What are the prime factors of 53/(5 - (-53685)/(-10740)) + (3 - -2)?
3, 4217
Let f = 48 + -48. Suppose f = 3*y - 3, -2*l - 46 + 305 = -y. What are the prime factors of l?
2, 5, 13
Let h(j) be the second derivative of j**4/3 - 2*j**3/3 - 7*j**2/2 + 7*j. List the prime factors of h(5).
73
Let f(j) = j**2 - 34*j + 194. Let x be f(7). Let d be 1/(0 + (-1)/(-5)). Suppose -b + 2*p = x*p - 50, -d*b - p + 194 = 0. List the prime factors of b.
2, 19
Let h = 46 + -38. Suppose h*z - 7*z = 3. Suppose 4*s - 108 = -4*g, 0*g - 79 = -z*s - g. List the prime factors of s.
2, 13
Suppose -3*x = 739 - 715. List the prime factors of (1940/x)/(1/(-2)).
5, 97
What are the prime factors of (198/(-165))/(1/(-34190)) + 4?
2, 23, 223
Suppose 41*h = 329212 + 213915. What are the prime factors of h?
13, 1019
Suppose 3*j - 5*i + 9838 = 0, 3720 = -3*j + i - 6110. Let v = -1810 - j. What are the prime factors of v?
2, 733
Let y(b) be the first derivative of 11*b**5/30 - b**4/12 - b**3/3 - 47*b**2/2 - 45. Let a(q) be the second derivative of y(q). List the prime factors of a(2).
2, 41
Let o = 7725 - 3167. List the prime factors of o.
2, 43, 53
Let g be (-18)/(-15)*7*(-3175)/(-10). Suppose 0 = -67*a + 64*a + g. List the prime factors of a.
7, 127
Let q be 56/3*24/16. Let m(d) = -11*d - d**2 - 2*d**2 + d**2 + q*d. What are the prime factors of m(8)?
2
Let a(p) = 20*p - 13. Let v be a(-7). Let f = v - -330. What are the prime factors of f?
3, 59
Let l = 7 + -117. Let c = 162 + l. List the prime factors of -1*(1 - (c - -4)).
5, 11
Let n(b) = -889*b - 13989. What are the prime factors of n(-89)?
2, 19, 857
Suppose -a = -4*l + 2*a + 24, -5*l + 30 = -2*a. Suppose 4*f + 2*h + 0*h + l = 0, 4*f = -5*h + 3. List the prime factors of ((-334)/(-6) - 1/f) + -3.
53
Let b be 9/(-2)*38/(-57). Let h(i) = 2 + 6 - b*i**2 - 7*i + 2*i**3 + 9. What are the prime factors of h(5)?
157
Suppose -3*j - 101 = 2*s, -5*s - 4*j - 201 = 62. Let z = -45 - 126. Let n = s - z. List the prime factors of n.
2, 29
Let a = 103175 + -68399. List the prime factors of a.
2, 3, 7, 23
Let b be 1 + 112 + -3 + (8 - 2). Let j be (1 - 0) + 7 + -6. What are the prime factors of b + j/(-1) + 4?
2, 59
Let g(u) = 3*u**3 - 77*u**2 + 31*u + 33. Let v be g(25). Let o = -121 - v. What are the prime factors of o?
3, 107
Let f be -3 + 626 + 16/(-4). Let m = 941 - f. What are the prime factors of m?
2, 7, 23
What are the prime factors of 5455 + (-9 - -19) + -1?
2, 683
Let u = -84943 - -127402. List the prime factors of u.
3, 14153
Suppose 4*g - 2*o + 2 = 0, 4*o = -2*g + 1 + 3. Let u(n) = 244 - 8*n + 11*n + 5*n. List the prime factors of u(g).
2, 61
Let y(j) = -18*j - 65. Suppose -h + 1 = -l - 2*l, 2*l - 2 = 0. Suppose -2*w - q = 3*w + 53, -h*w = q + 42. What are the prime factors of y(w)?
7, 19
List the prime factors of (-10 - 156/(-30))/((-1)/55).
2, 3, 11
Let n = 3233 - -1162. List the prime factors of n.
3, 5, 293
Suppose 5*n + q = 92269 + 103314, -q = 7. What are the prime factors of n?
2, 19559
Let d be (-5)/(-2) + (-1)/2. Suppose -2*m - 123 = o, m = d*m + 2*o + 60. Let t = -47 - m. What are the prime factors of t?
3, 5
Let z be 4 + 1 - 2*284/(-8). Suppose 74*n = z*n - 816. What are the prime factors of n?
2, 3, 17
What are the prime factors of (-3623510)/(-660) + (-1)/6?
2, 3, 5, 61
Suppose 33*v - 64 = 25*v. What are the prime factors of 1 + -2 + v + 270?
277
Suppose 5*o = 3*u + 143681, -10*o = -12*o + 5*u + 57499. List the prime factors of o.
2, 11, 653
Let o = 103188 + -69892. What are the prime factors of o?
2, 2081
Suppose 72*y = 69*y + 309. Suppose 5*u = o - y, -4*o - 3*u + 129 = -214. List the prime factors of o.
2, 11
Let r = -969 + 460. Let u = -398 - r. What are the prime factors of u?
3, 37
Let a(w) = 3*w**3 - 5*w. Let p(x) = -14*x**3 - x**2 + 24*x - 1. Let t(r) = -11*a(r) - 2*p(r). What are the prime factors of t(-5)?
2, 3, 107
Suppose 0 = 5*p + 12 - 32. Suppose 5*x + 315 = c, -3*c - x + 997 = -3*x. Suppose p*d - c = -d. What are the prime factors of d?
67
Let v(c) = c**2 + 12. Let t be v(-6). Suppose -9 = -3*j - t. What are the prime factors of (2 - j)/((-2)/(-10))?
3, 5
Let y = -3335 + 13153. What are the prime factors of y?
2, 4909
Suppose 3*m + 1543 = 553. Let v be (-154)/(-30) + 44/m. Suppose -12 = -3*u, 2*u = v*x + 3*u - 339. What are the prime factors of x?
67
Suppose -4*l = 112*i - 114*i + 4958, -4*l + 7487 = 3*i. Suppose 9*y - i = 1588. What are the prime factors of y?
3, 151
Suppose 408199 = -104*j + 23*j + 3166087. What are the prime factors of j?
2, 7, 19
Let t be (-1360)/3 + (-2)/(-6). Let d = 2137 - 2786. Let a = t - d. What are the prime factors of a?
2, 7
Let p(m) = -23 + 6*m**2 - 38*m + 12*m + 11 + 14*m. List the prime factors of p(-6).
2, 3, 23
Let l = -2 + -9. Let i = -8 - l. Suppose -b + 5*d + 234 = 0, 3*b - i*d - 1003 = -337. List the prime factors of b.
3, 73
Suppose -5*t = -2*v + 9480 - 52552, -2*t = -2*v - 17236. List the prime factors of t.
2, 2153
Suppose -5*r - 5035 = -2*g, -3*g + 7*r = 4*r - 7566. Suppose 2*l = -2*c + 1006, 3*c = 5*l + 6*c - g. What are the prime factors of l?
2, 127
Let o(q) = 68*q**2 - 214*q - 30. List the prime factors of o(26).
2, 3, 2243
Let r be 22899/(-204)*(-2 - 0 - 22). Let x = -1485 + r. List the prime factors of x.
3, 13, 31
Let q(c) = 41*c**2 + c + 1. Let u be q(4). Let a(k) = k**3 + 32*k**2 + 32*k + 31. Let d be a(-31). Suppose 3*t - u - 44 = d. What are the prime factors of t?
5, 47
Let p = -3 + 3. Suppose m + 4*l + 71 = -0*l, -5*m - l - 298 = p. Let x = m - -61. List the prime factors of x.
2
Suppose 0*m - 9*m = 0. Suppose -2*t + 53 + 69 = m. Suppose -79 = 4*l - 7*l + 2*q, -2*l = -3*q - t. What are the prime factors of l?
23
Let f = -5458 + 9278. List the prime factors of f.
2, 5, 191
Let k(l) = 29*l - 115. Let a be k(4). Suppose a = -s + 4, -3*j + 3342 = -5*s. List the prime factors of j.
3, 373
Let d be 5*(-2)/40 - 1/(-4). Suppose d = 15*t - t - 1428. List the prime factors of t.
2, 3, 17
Suppose -22*z = -23*z + 20. Suppose -2*a + 2 = 4, 5*l - 5*a - z = 0. Suppose f + 3*f + l*y - 238 = 0, -5*y - 71 = -f. List the prime factors of f.
61
Suppose 20914 - 80330 = -7*z. Suppose z = 16*l - 8*l. List the prime factors of l.
1061
Let d(v) = -v**3 + 8*v**2 + 1. Let l be d(8). Let x(r) = 90*r + 5. Let p(h) = -90*h - 4. Let g(z) = -6*p(z) - 5*x(z). List the prime factors of g(l).
89
Suppose 0 = 66*y - 51*y - 4395. Let k = y + -260. What are the prime factors of k?
3, 11
Suppose -19*q = -15*q + 12. What are the prime factors of (-16 + 4)*(1 + 337/q)?
2, 167
Let p(z) = -z**2 + 22*z + 47. Let i(n) = n**3 + 2*n**2 + 22. Let c be (-1)/(-2)*0/3. Let k be i(c). What are the prime factors of p(k)?
47
Let h be (-39)/15*-1 + 9/(-15). Suppose 3*z + d = 2607, 0*z + h*z = -2*d + 1734. List the prime factors of z.
2, 3, 5, 29
Suppose 3*j - 7*j - 111272 = -2*h, 3*j = -2*h + 111293. What are the prime factors of h?
2, 43, 647
Let w = -2919 + 6493. Suppose 947 = 3*h + 3*j - 1201, -j = -5*h + w. What are the prime factors of h?
5, 11, 13
Suppo